{"id":308,"date":"2010-10-20T15:30:08","date_gmt":"2010-10-20T19:30:08","guid":{"rendered":"http:\/\/umaine.edu\/teachingcanada\/"},"modified":"2018-06-28T11:13:12","modified_gmt":"2018-06-28T15:13:12","slug":"acadian-deportation-migration-resettlement","status":"publish","type":"page","link":"https:\/\/umaine.edu\/teachingcanada\/acadian-deportation-migration-resettlement\/","title":{"rendered":"Acadian Deportation, Migration, &amp; Resettlement"},"content":{"rendered":"<figure id=\"357\" class=\"wp-caption alignright\"><img loading=\"lazy\" decoding=\"async\" class=\"wp-image-357 size-full\" src=\"https:\/\/umaine.edu\/teachingcanada\/wp-content\/uploads\/sites\/176\/2010\/10\/nokkahigas.jpg\" alt=\"A view over Grand-Pr\u00e9 and Minas Basin. In Fall 1755, more than 2,000 Acadians were deported from this area. \" width=\"600\" height=\"797\" srcset=\"https:\/\/umaine.edu\/teachingcanada\/wp-content\/uploads\/sites\/176\/2010\/10\/nokkahigas.jpg 600w, https:\/\/umaine.edu\/teachingcanada\/wp-content\/uploads\/sites\/176\/2010\/10\/nokkahigas-226x300.jpg 226w, https:\/\/umaine.edu\/teachingcanada\/wp-content\/uploads\/sites\/176\/2010\/10\/nokkahigas-105x140.jpg 105w, https:\/\/umaine.edu\/teachingcanada\/wp-content\/uploads\/sites\/176\/2010\/10\/nokkahigas-210x280.jpg 210w, https:\/\/umaine.edu\/teachingcanada\/wp-content\/uploads\/sites\/176\/2010\/10\/nokkahigas-317x421.jpg 317w, https:\/\/umaine.edu\/teachingcanada\/wp-content\/uploads\/sites\/176\/2010\/10\/nokkahigas-423x562.jpg 423w\" sizes=\"auto, (max-width: 320px) 85vw, (max-width: 768px) 67vw, (max-width: 1024px) 62vw,600px\" \/><figcaption class=\"wp-caption-text\">A view over Grand-Pr\u00e9 and Minas Basin. In Fall 1755, more than 2,000 Acadians were deported from this area.<\/figcaption><\/figure>\n<p>In order to view PDFs, you will need Acrobat Reader.<br \/>\n<a href=\"http:\/\/www.adobe.com\/products\/acrobat\/readstep2.html\" target=\"Blank\">Download Adobe Acrobat Reader here.<\/a><\/p>\n<p>The year 2005 marks the 250th anniversary of the beginning of the deportation of the Acadians from Nova Scotia and adjacent areas to points around the Atlantic rim.\u00a0 A defining moment in the history of the Acadian people, the deportation also changed irrevocably the human geography of what is today Canada\u2019s Maritime Provinces.<\/p>\n<p>Although De Monts established a trading post at Port-Royal in 1605, the French hold over Acadia was fragile and intermittent until 1632 when the Treaty of St. Germain-en-Laye confirmed French possession of the region.\u00a0 During the early 1630s, almost three hundred French immigrants arrived in the Port-Royal area.\u00a0 With a high birth rate and low infant mortality, the population reached approximately 500 people in 1671, 1,400 in 1707, and about 13,000 people in the early 1750s.\u00a0 From the initial core at Port-Royal, Acadian settlement spread around the Bay of Fundy as well as onto \u00cele Saint-Jean (Prince Edward Island) and to Pentagoet at the mouth of the Penobscot River.\u00a0 The population depended on mixed farming, raising livestock and crops from dyked marshes.\u00a0 At the Treaty of Utrecht in 1713, much of the area settled by the Acadians was transferred to the British who called the territory Nova Scotia.<\/p>\n<figure id=\"360\" class=\"wp-caption aligncenter\"><a class=\"thickbox\" title=\"acadian-pop-1750-map\" href=\"\/teachingcanada\/wp-content\/uploads\/sites\/176\/2010\/10\/acadian-pop-1750-map.pdf\" rel=\"same-post-356\"><img loading=\"lazy\" decoding=\"async\" class=\"wp-image-360 size-large\" src=\"\/canam\/files\/2009\/10\/acadian-pop-1750-map-508x378.jpg\" alt=\"Click on the map to see a full PDF version\" width=\"508\" height=\"378\" \/><\/a><figcaption class=\"wp-caption-text\">Click on the map to see a full PDF version<\/figcaption><\/figure>\n<p>During the early eighteenth century, the French and the British consolidated their respective positions in Acadia and Nova Scotia.\u00a0 The French built a massive fortress town at Louisbourg on \u00cele Royale (Cape Breton Island), and placed forts to command the Chignecto Isthmus and the Saint John River.<\/p>\n<figure id=\"368\" class=\"wp-caption alignright\"><a class=\"thickbox\" title=\"deportation-1755-1757\" href=\"\/teachingcanada\/wp-content\/uploads\/sites\/176\/2010\/10\/deportation-1755-1757.pdf\" rel=\"same-post-356\"><img loading=\"lazy\" decoding=\"async\" class=\"wp-image-368 size-thumbnail\" src=\"https:\/\/umaine.edu\/teachingcanada\/wp-content\/uploads\/sites\/176\/2010\/10\/TC_cover2-122x150.jpg\" alt=\"Click on the map for a full PDF version\" width=\"122\" height=\"150\" \/><\/a><figcaption class=\"wp-caption-text\">Click on the map for a full PDF version<\/figcaption><\/figure>\n<p>Meanwhile, the British strengthened Port-Royal, renaming it Annapolis Royal, and then, in 1749, constructed a fortified town at Halifax; they also built Fort Edward overlooking the Avon River and Fort Lawrence at Chignecto. Increasing friction between the British and the French in the Ohio Country led to the outbreak of the French and Indian War (Seven Years War) in 1754.\u00a0 The following year, British and American colonial forces captured Fort Beaus\u00e9jour, giving them control of the Chignecto area.\u00a0 Concerned at the large Acadian presence in the hinterland of Halifax and aware that many Acadians had refused to swear loyalty to the British crown, the military governor of Nova Scotia took the fateful decision to clear the Acadians from their settlements.<\/p>\n<figure id=\"369\" class=\"wp-caption alignright\"><a class=\"thickbox\" title=\"deportation-1758-1762\" href=\"\/teachingcanada\/wp-content\/uploads\/sites\/176\/2010\/10\/deportation-1755-1757.pdf\" rel=\"same-post-356\"><img loading=\"lazy\" decoding=\"async\" class=\"size-medium wp-image-369 \" src=\"\/canam\/files\/2009\/10\/deportation-1758-1762-250x235.jpg\" alt=\"Click on the map for a full PDF version\" width=\"250\" height=\"235\" \/><\/a><figcaption class=\"wp-caption-text\">Click on the map for a full PDF version<\/figcaption><\/figure>\n<p>The deportation of the Acadians began in the fall of 1755 and lasted until 1778.\u00a0 The first removals, comprising approximately 7000 people, were from settlements around the Bay of Fundy.\u00a0 After the British captured \u00cele Royale and \u00cele Saint-Jean and raided the Gasp\u00e9 and the Saint John River in 1758, further Acadians were captured and deported.\u00a0 Those who had sought refuge in Saint-Pierre and Miquelon were also removed.\u00a0 Farms and businesses were destroyed.\u00a0 A British officer arriving at Annapolis Royal in October 1757 observed \u201cruined habitations, and extensive orchards well planted with apple and pear trees, bending under their weight of fruit.\u201d<\/p>\n<div style=\"clear: both;width: 100%\">\n<div style=\"width: 50%;float: left;clear: left;text-align: center\">\n<figure id=\"370\" class=\"wp-caption aligncenter\"><a class=\"thickbox\" title=\"deportation-1763-1767\" href=\"\/teachingcanada\/wp-content\/uploads\/sites\/176\/2010\/10\/deportation-1763-1767.pdf\" rel=\"same-post-356\"><img loading=\"lazy\" decoding=\"async\" class=\"wp-image-370 size-medium\" src=\"\/canam\/files\/2009\/10\/deportation-1763-1767-250x165.jpg\" alt=\"Click on the map for a full PDF version\" width=\"225\" height=\"149\" \/><\/a><figcaption class=\"wp-caption-text\">Click on the map for a full PDF version<\/figcaption><\/figure>\n<\/div>\n<div style=\"width: 50%;float: left;clear: right;text-align: center\">\n<figure id=\"371\" class=\"wp-caption aligncenter\"><a class=\"thickbox\" title=\"deportation-1768-1785\" href=\"\/teachingcanada\/wp-content\/uploads\/sites\/176\/2010\/10\/deportation-1768-1785.pdf\" rel=\"same-post-356\"><img loading=\"lazy\" decoding=\"async\" class=\"wp-image-371 size-thumbnail\" src=\"https:\/\/umaine.edu\/teachingcanada\/wp-content\/uploads\/sites\/176\/2010\/10\/O-Canada-117x150.jpg\" alt=\"Click on the map for a full PDF version\" width=\"117\" height=\"150\" srcset=\"https:\/\/umaine.edu\/teachingcanada\/wp-content\/uploads\/sites\/176\/2010\/10\/O-Canada.jpg 117w, https:\/\/umaine.edu\/teachingcanada\/wp-content\/uploads\/sites\/176\/2010\/10\/O-Canada-105x135.jpg 105w\" sizes=\"auto, (max-width: 117px) 100vw, 117px\" \/><\/a><figcaption class=\"wp-caption-text\">Click on the map for a full PDF version<\/figcaption><\/figure>\n<\/div>\n<\/div>\n<figure id=\"372\" class=\"wp-caption alignright\"><img loading=\"lazy\" decoding=\"async\" class=\"size-medium wp-image-372 \" src=\"\/canam\/files\/2009\/10\/gran-pre-187x249.jpg\" alt=\"The National Historic Park at Grand-Pr\u00e9 commemorates the Acadian deportation. The statue represents the maid Evangeline, the heroine of Henry Wadsworth Longfellow\u2019s famous poem about the deportation published in 1847. \" width=\"187\" height=\"249\" \/><figcaption class=\"wp-caption-text\">The National Historic Park at Grand-Pr\u00e9 commemorates the Acadian deportation. The statue represents the maid Evangeline, the heroine of Henry Wadsworth Longfellow\u2019s famous poem about the deportation published in 1847.<\/figcaption><\/figure>\n<p>Acadians were shipped to many points around the Atlantic.\u00a0 Large numbers were deported to the continental colonies, others to France.\u00a0 Some managed to escape to New France (Quebec).\u00a0 A handful arrived in the Upper Saint John Valley.\u00a0 Many moved several times; a great number left the American colonies at the end of the war and returned to Nova Scotia; many of those in France moved to the French Caribbean or\u00a0 to Louisiana, where they formed the basis of the Cajun population.<\/p>\n<p>Those Acadians who returned to Nova Scotia in the 1780s and 1790s found their former settlements occupied by American settlers and Loyalists.\u00a0 As a result, the Acadians occupied new areas in western Nova Scotia, Cape Breton Island, Prince Edward Island, the eastern shore of New Brunswick, and the Gasp\u00e9 Peninsula.\u00a0 In these areas, they drew a living from farming, inshore fishing, lumbering, and shipbuilding.<\/p>\n<p>Rural Acadian settlements typically comprise houses dispersed along a principal street, a large Roman Catholic church, and distinctive vernacular housing. Cultural centers proclaim the vitality of Acadian culture. Acadians also have moved into urban areas, particularly Halifax and Moncton.<\/p>\n<div style=\"clear: both;width: 100%\">\n<div style=\"width: 50%;float: left;clear: left;text-align: center\">\n<figure id=\"362\" class=\"wp-caption aligncenter\"><img loading=\"lazy\" decoding=\"async\" class=\"size-medium wp-image-362 \" src=\"\/canam\/files\/2009\/10\/Cheticamp-3-v4-250x104.jpg\" alt=\"A view of the Roman Catholic church and associated religious and educational buildings at Cheticamp, Cape Breton Island. Built in the 1890s to the designs of a Quebec architect, the church at Cheticamp serves as a symbol of the Acadian cultural revival in the late nineteenth century. \" width=\"225\" height=\"94\" \/><figcaption class=\"wp-caption-text\">A view of the Roman Catholic church and associated religious and educational buildings at Cheticamp, Cape Breton Island. Built in the 1890s to the designs of a Quebec architect, the church at Cheticamp serves as a symbol of the Acadian cultural revival in the late nineteenth century.<\/figcaption><\/figure>\n<\/div>\n<div style=\"width: 50%;float: left;clear: right;text-align: center\">\n<figure id=\"373\" class=\"wp-caption aligncenter\"><img loading=\"lazy\" decoding=\"async\" class=\"wp-image-373 \" src=\"https:\/\/umaine.edu\/teachingcanada\/wp-content\/uploads\/sites\/176\/2010\/10\/Introducing-Canada-Book.jpg\" alt=\"The Acadian Village near Lafayette, Louisiana, is in the heart of Acadiana, a region of Acadian settlement. The village reconstructs a typical Acadian settlement comprising a small church and traditional housing set beside a bayou.\" width=\"180\" height=\"226\" srcset=\"https:\/\/umaine.edu\/teachingcanada\/wp-content\/uploads\/sites\/176\/2010\/10\/Introducing-Canada-Book.jpg 119w, https:\/\/umaine.edu\/teachingcanada\/wp-content\/uploads\/sites\/176\/2010\/10\/Introducing-Canada-Book-105x132.jpg 105w\" sizes=\"auto, (max-width: 180px) 100vw, 180px\" \/><figcaption class=\"wp-caption-text\">The Acadian Village near Lafayette, Louisiana, is in the heart of Acadiana, a region of Acadian settlement. The village reconstructs a typical Acadian settlement comprising a small church and traditional housing set beside a bayou.<\/figcaption><\/figure>\n<\/div>\n<\/div>\n<p style=\"text-align: center\"><strong>The 2001 Canadian census reports 40,000 people of Acadian descent in the Maritime Provinces<\/strong><\/p>\n<figure id=\"361\" class=\"wp-caption aligncenter\"><a class=\"thickbox\" title=\"acadian-pop-2001-map\" href=\"\/teachingcanada\/wp-content\/uploads\/sites\/176\/2010\/10\/acadian-pop-2001-map.pdf\" rel=\"same-post-356\"><img loading=\"lazy\" decoding=\"async\" class=\"size-large wp-image-361 \" src=\"\/canam\/files\/2009\/10\/acadian-pop-2001-map-508x358.jpg\" alt=\"Click on the map for a full PDF version\" width=\"508\" height=\"358\" \/><\/a><figcaption class=\"wp-caption-text\">Click on the map for a full PDF version<\/figcaption><\/figure>\n<figure id=\"374\" class=\"wp-caption aligncenter\"><img loading=\"lazy\" decoding=\"async\" class=\"size-medium wp-image-374\" src=\"\/canam\/files\/2009\/10\/St-Bernardv2-250x123.jpg\" alt=\"St. Bernard, on the French Shore of western Nova Scotia, shows a typical Acadian street village dominated by a large Roman Catholic church. \" width=\"250\" height=\"123\" \/><figcaption class=\"wp-caption-text\">St. Bernard, on the French Shore of western Nova Scotia, shows a typical Acadian street village dominated by a large Roman Catholic church.<\/figcaption><\/figure>\n<hr \/>\n<p>CREDITS:<\/p>\n<p>Editor: Stephen J. Hornsby<br \/>\nCartographers: Michael J. Hermann, Matthew Cote<br \/>\nResearch Assistants: Hans Carlson, Elizabeth Hedler<br \/>\nTranslator: Raymond J. Pelletier<br \/>\nOutreach Coordinator: Betsy Arntzen<br \/>\nPhotographs: Stephen J. Hornsby, Claude DeGr\u00e2ce<\/p>\n<p>SOURCES:<\/p>\n<ul>\n<li>Acadian population taken from the 2001 Canadian Census. Figures and distribution represent Statistics Canada&#8217;s weighted aggregate of those people who entered Acadian as one of their ethnic identities on census form 2B.<\/li>\n<li>H.P. Biggar (ed.), The Works of Samuel de Champlain Volume I 1599-1607. Toronto: Champlain Society, 1922.<\/li>\n<li>Jean Daigle, Robert LeBlanc, \u201cAcadian Deportation and Return\u201d in Historical Atlas of Canada, Volume I, From the Beginning to 1800, edited by R. Cole Harris, plate 30. Toronto: University of Toronto Press, 1987.<\/li>\n<li>C.E. Heidenreich, Explorations and Mapping of Samuel de Champlain, 1601-1632. Toronto: University of Toronto Press, 1976.<\/li>\n<li>Robert G. LeBlanc, \u201cThe Acadian Migration\u201d, Canadian Geographic Journal; 81, no. 1 (1970): 10-19.<\/li>\n<\/ul>\n<p>Funded in part by the U.S. Department of Education\u2019s Title VI National Resource Center program.<\/p>\n<p>Produced by the Canadian-American Center Cartography Studio, University of Maine. All rights reserved \u00a92004<\/p>\n","protected":false},"excerpt":{"rendered":"<p>In order to view PDFs, you will need Acrobat Reader. Download Adobe Acrobat Reader here. The year 2005 marks the 250th anniversary of the beginning of the deportation of the Acadians from Nova Scotia and adjacent areas to points around the Atlantic rim.\u00a0 A defining moment in the history of the Acadian people, the deportation [&hellip;]<\/p>\n","protected":false},"author":365,"featured_media":0,"parent":0,"menu_order":1,"comment_status":"closed","ping_status":"closed","template":"","meta":{"_seopress_robots_primary_cat":"","_seopress_titles_title":"","_seopress_titles_desc":"","_seopress_robots_index":"","_kad_blocks_custom_css":"","_kad_blocks_head_custom_js":"","_kad_blocks_body_custom_js":"","_kad_blocks_footer_custom_js":"","_monsterinsights_skip_tracking":false,"_monsterinsights_sitenote_active":false,"_monsterinsights_sitenote_note":"","_monsterinsights_sitenote_category":0,"footnotes":""},"class_list":["post-308","page","type-page","status-publish","hentry"],"taxonomy_info":[],"featured_image_src_large":false,"author_info":{"display_name":"","author_link":"https:\/\/umaine.edu\/teachingcanada\/author\/"},"comment_info":0,"_links":{"self":[{"href":"https:\/\/umaine.edu\/teachingcanada\/wp-json\/wp\/v2\/pages\/308","targetHints":{"allow":["GET"]}}],"collection":[{"href":"https:\/\/umaine.edu\/teachingcanada\/wp-json\/wp\/v2\/pages"}],"about":[{"href":"https:\/\/umaine.edu\/teachingcanada\/wp-json\/wp\/v2\/types\/page"}],"author":[{"embeddable":true,"href":"https:\/\/umaine.edu\/teachingcanada\/wp-json\/wp\/v2\/users\/365"}],"replies":[{"embeddable":true,"href":"https:\/\/umaine.edu\/teachingcanada\/wp-json\/wp\/v2\/comments?post=308"}],"version-history":[{"count":5,"href":"https:\/\/umaine.edu\/teachingcanada\/wp-json\/wp\/v2\/pages\/308\/revisions"}],"predecessor-version":[{"id":1985,"href":"https:\/\/umaine.edu\/teachingcanada\/wp-json\/wp\/v2\/pages\/308\/revisions\/1985"}],"wp:attachment":[{"href":"https:\/\/umaine.edu\/teachingcanada\/wp-json\/wp\/v2\/media?parent=308"}],"curies":[{"name":"wp","href":"https:\/\/api.w.org\/{rel}","templated":true}]}}