{"id":3809,"date":"2021-09-18T13:43:18","date_gmt":"2021-09-18T17:43:18","guid":{"rendered":"https:\/\/umaine.edu\/jmb\/?page_id=3809"},"modified":"2021-09-20T11:38:13","modified_gmt":"2021-09-20T15:38:13","slug":"vol-42-number-2-spring-2021","status":"publish","type":"page","link":"https:\/\/umaine.edu\/jmb\/vol-42-number-2-spring-2021\/","title":{"rendered":"Vol. 42, Number 2, Spring 2021"},"content":{"rendered":"<p class=\"p1\"><strong>How Reductive Analyses Are Confused and How to Fix Them: A Critique of Varitel Semantics<br \/>\n<\/strong><span class=\"s1\">Nancy A. Salay, Queen&#8217;s University<\/span><\/p>\n<p class=\"p1\">The \u201cproblem of intentionality\u201d from the vantage point of a representational understanding of mind is explaining what thoughts and beliefs are and how they guide behaviour. From an anti-representationalist perspective, on the other hand, on which cognition itself is taken to be a kind of action, intentionality is a capacity to engage in <i>behaviour <\/i>that is meaningfully directed toward or about some situation. That these are not in fact competing insights is obscured by the representational\/anti-representational framing of the debate. This paper begins the work of shifting the conversation in two ways: (1) by arguing that it is the commitment to <i>internal <\/i>representations, not the acknowledgement of a role for representation per se,<i> <\/i>that is problematic; and, (2) by describing an alternative, externalist, representational approach that draws on extended, embodied, enactive insights.<span class=\"Apple-converted-space\">\u00a0<\/span><\/p>\n<p class=\"p1\"><span class=\"s1\">Correspondence concerning this article should be addressed to Nancy A. Salay, Ph.D., Department of Philosophy, Queen&#8217;s University, Kingston, ON, K7L 3N6, Canada. Email: salay@queensu.ca<\/span><\/p>\n<p>&nbsp;<\/p>\n<p class=\"p1\"><strong>Kinetic Memories: An Embodied Form of Remembering the Personal Past<br \/>\n<\/strong><span class=\"s1\">Marina Trakas, Consejo Nacional de Investigaciones Cient\u00ed\ufb01cas y T\u00e9cnicas de Argentina<\/span><\/p>\n<p class=\"p1\">Despite the popularity that the embodied cognition thesis has gained in recent years, explicit memories of events personally experienced are still conceived as disembodied mental representations. It seems that we can consciously remember our personal past through sensory imagery, through concepts, propositions and language, but not through the body. In this article, I defend the idea that the body constitutes a genuine means of representing past personal experiences. For this purpose, I focus on the analysis of bodily movements associated with the retrieval of a personal memory, which have certain features that make them different from procedural memories, pragmatic actions and common gestures, as well as other forms of embodied memories as examined in recent literature. I refer to these as \u201ckinetic memories\u201d and analyse their representative nature as well as their adaptive functions. Kinetic memories are bodily movements in which some event or action that took place in the past can be seen, because they are an externalisation of the subject\u2019s inner intention of representing a past personal experience. Kinetic memories represent a past experience sometimes by imitation of a past movement, and other times through embodied symbols and metaphors. Furthermore, although sometimes they present direct pragmatic benefits, such as communicative benefits, they seem to enhance the whole reexperience of the past event and memory recall, which I argue is one important adaptive value.<\/p>\n<p class=\"p1\">Correspondence concerning this article should be addressed to Marina Trakas, Ph.D, Instituto de Investigaciones Filos\u00f3ficas, Sociedad Argentina de An\u00e1lisis Filos\u00f3fico \/ Consejo Nacional de Investigaciones Cient\u00edficas y T\u00e9cnicas (CONICET), Bulnes 642, Ciudad Aut\u00f3noma de Buenos Aires, Argentina. Email: marinatrakas@gmail.com<\/p>\n<p>&nbsp;<\/p>\n<p class=\"p1\"><strong>Enactivism, the Field of Affordances, and Mental Disorder<br \/>\n<\/strong><span class=\"s1\">Michelle Maiese, Emmanuel College<\/span><\/p>\n<p class=\"p1\">The notion of affordance is a theoretical concept introduced by Gibson (1979) that emphasizes the complementarity of the animal and the environment. To make sense of the relational nature of affordances and the way in which they cut across the subjective\u2013objective dichotomy, some theorists have looked to enactivism. While Gibson\u2019s formulation treats perception as central, enactivism turns the focus to agency, lived experience, and the issue of what determines whether an affordance solicits action. Once we turn the focus to solicitations, we see that an object invites action not just because of its features and what abilities the animal possesses, but also because of that animal\u2019s particular goals, concerns, and sociocultural context. Affordances are not simply perceived via the sensory organs, but rather disclosed as relevant, live options. I will argue that this occurs by way of an affective framing process. Taken together, these notions of solicitation and affective framing offer a useful way for enactivists to build upon Gibson\u2019s notion of affordance in a way that (a) acknowledges the crucial affective aspect of an agent\u2019s engagement with action-possibilities, (b) clarifies the sociocultural dimension of affordances and the central role played by shared expectations, social norms, and conventions, and (c) helps to make sense of Gibson\u2019s claim that affordances cut across the subjective\u2013objective divide. The emerging account of affordances, interpreted from the standpoint of enactivism, allows us to conceptualize what it means to engage in adaptive agency and paves the way for increased understanding of disruptions to agency in mental disorder.<\/p>\n<p class=\"p1\"><span class=\"s1\">Correspondence concerning this article should be addressed to Michelle Maiese, Ph.D., Department of Philosophy, Emmanuel College, 400 The Fenway, Boston, Massachuetts 02115. Email: maiesemi@emmanuel.edu<\/span><\/p>\n<p>&nbsp;<\/p>\n<p class=\"p1\"><strong>On Epistemic Responsibility for Undesirable Beliefs<br \/>\n<\/strong><span class=\"s1\">Deborah K. Heikes, <\/span><span class=\"s1\">University of Alabama in Huntsville<\/span><\/p>\n<p class=\"p1\"><span class=\"s2\">Responsibility for beliefs is a heavily debated topic within epistemology. The received view is that we have limited control over the formation of beliefs, but control nonetheless. As in the moral case, if we have control over our beliefs, then we have some responsibility for our beliefs. However, many of our beliefs are understood to not be within our direct control and are ones that we cannot be said to be responsible for or blameworthy for holding. Rarely, however, do discussions of epistemic blameworthiness or blamelessness include so-called undesirable beliefs, such as racist beliefs. In this paper, I explore the possibility that there may be knowers who are epistemically blameless for holding racist beliefs precisely because they have limited doxastic control. First, I consider Nikolaj Nottelmann\u2019s account of blameworthy belief, including his discussion of what makes a belief undesirable. I then consider the case of two different White men who hold similar racists beliefs. I argue that the social dimension of knowledge and the reality of socially constructed ignorance, like White ignorance, can affect the epistemic control we have over our beliefs and can make some people epistemologically blameless for holding certain undesirable beliefs. Finally, I argue that to be epistemically blameless for holding an undesirable belief does not mean we are blameless <i>simpliciter<\/i> and that there remain consequences for holding an undesirable belief.<\/span><\/p>\n<p class=\"p1\"><span class=\"s1\">Correspondence pertaining to this article should be addressed to Deborah Heikes, Ph.D., Department of Philosophy, University of Alabama in Huntsville, Huntsville, Alabama 35899. Email: heikesd@uah.edu<\/span><\/p>\n<p>&nbsp;<\/p>\n<p class=\"p1\"><strong>Hamlet on the Couch Revisited: A Radical<\/strong> <strong>Behavioral Perspective<br \/>\n<\/strong><span class=\"s1\">Russell Hopfenberg, <\/span><span class=\"s1\">Duke University<\/span><span class=\"s2\"><span class=\"Apple-converted-space\">\u00a0<\/span><\/span><\/p>\n<p class=\"p4\">Shakespeare\u2019s character Hamlet has been studied from several psychological viewpoints. Psychoanalytic thought has focused on Oedipal issues and related unconscious struggles that interfere with Hamlet avenging his father\u2019s murder. Other theories hold that cognitive processes drive Hamlet\u2019s emotional difficulty and impede his taking action. The current study presents an assessment of Hamlet\u2019s dilemma from a radical behavioral perspective and identifies the independent factors impacting Hamlet\u2019s behavior. Using this framework, the apparent difficulty understanding Hamlet is also addressed.<\/p>\n<p class=\"p1\"><span class=\"s1\">Correspondence concerning this article should be addressed to Russell Hopfenberg, Ph.D., Department of Psychiatry and Behavioral Sciences, Duke University, Civitan Building, 2213 Elba Street, Durham, North Carolina 27705. Email: RussH100@aol.com<\/span><\/p>\n","protected":false},"excerpt":{"rendered":"<p>How Reductive Analyses Are Confused and How to Fix Them: A Critique of Varitel Semantics Nancy A. Salay, Queen&#8217;s University The \u201cproblem of intentionality\u201d from the vantage point of a representational understanding of mind is explaining what thoughts and beliefs are and how they guide behaviour. From an anti-representationalist perspective, on the other hand, on [&hellip;]<\/p>\n","protected":false},"author":1232,"featured_media":0,"parent":0,"menu_order":0,"comment_status":"closed","ping_status":"closed","template":"","meta":{"_kad_blocks_custom_css":"","_kad_blocks_head_custom_js":"","_kad_blocks_body_custom_js":"","_kad_blocks_footer_custom_js":"","_monsterinsights_skip_tracking":false,"_monsterinsights_sitenote_active":false,"_monsterinsights_sitenote_note":"","_monsterinsights_sitenote_category":0,"footnotes":""},"class_list":["post-3809","page","type-page","status-publish","hentry"],"yoast_head":"<!-- This site is optimized with the Yoast SEO plugin v27.2 - https:\/\/yoast.com\/product\/yoast-seo-wordpress\/ -->\n<title>Vol. 42, Number 2, Spring 2021 - The Journal of Mind and Behavior - University of Maine<\/title>\n<meta name=\"robots\" content=\"index, follow, max-snippet:-1, max-image-preview:large, max-video-preview:-1\" \/>\n<link rel=\"canonical\" href=\"https:\/\/umaine.edu\/jmb\/vol-42-number-2-spring-2021\/\" \/>\n<meta property=\"og:locale\" content=\"en_US\" \/>\n<meta property=\"og:type\" content=\"article\" \/>\n<meta property=\"og:title\" content=\"Vol. 42, Number 2, Spring 2021 - The Journal of Mind and Behavior - University of Maine\" \/>\n<meta property=\"og:description\" content=\"How Reductive Analyses Are Confused and How to Fix Them: A Critique of Varitel Semantics Nancy A. Salay, Queen&#8217;s University The \u201cproblem of intentionality\u201d from the vantage point of a representational understanding of mind is explaining what thoughts and beliefs are and how they guide behaviour. From an anti-representationalist perspective, on the other hand, on [&hellip;]\" \/>\n<meta property=\"og:url\" content=\"https:\/\/umaine.edu\/jmb\/vol-42-number-2-spring-2021\/\" \/>\n<meta property=\"og:site_name\" content=\"The Journal of Mind and Behavior\" \/>\n<meta property=\"article:modified_time\" content=\"2021-09-20T15:38:13+00:00\" \/>\n<meta name=\"twitter:card\" content=\"summary_large_image\" \/>\n<meta name=\"twitter:label1\" content=\"Est. reading time\" \/>\n\t<meta name=\"twitter:data1\" content=\"6 minutes\" \/>\n<script type=\"application\/ld+json\" class=\"yoast-schema-graph\">{\"@context\":\"https:\/\/schema.org\",\"@graph\":[{\"@type\":\"WebPage\",\"@id\":\"https:\/\/umaine.edu\/jmb\/vol-42-number-2-spring-2021\/\",\"url\":\"https:\/\/umaine.edu\/jmb\/vol-42-number-2-spring-2021\/\",\"name\":\"Vol. 42, Number 2, Spring 2021 - The Journal of Mind and Behavior - University of Maine\",\"isPartOf\":{\"@id\":\"https:\/\/umaine.edu\/jmb\/#website\"},\"datePublished\":\"2021-09-18T17:43:18+00:00\",\"dateModified\":\"2021-09-20T15:38:13+00:00\",\"breadcrumb\":{\"@id\":\"https:\/\/umaine.edu\/jmb\/vol-42-number-2-spring-2021\/#breadcrumb\"},\"inLanguage\":\"en-US\",\"potentialAction\":[{\"@type\":\"ReadAction\",\"target\":[\"https:\/\/umaine.edu\/jmb\/vol-42-number-2-spring-2021\/\"]}]},{\"@type\":\"BreadcrumbList\",\"@id\":\"https:\/\/umaine.edu\/jmb\/vol-42-number-2-spring-2021\/#breadcrumb\",\"itemListElement\":[{\"@type\":\"ListItem\",\"position\":1,\"name\":\"Home\",\"item\":\"https:\/\/umaine.edu\/jmb\/\"},{\"@type\":\"ListItem\",\"position\":2,\"name\":\"Vol. 42, Number 2, Spring 2021\"}]},{\"@type\":\"WebSite\",\"@id\":\"https:\/\/umaine.edu\/jmb\/#website\",\"url\":\"https:\/\/umaine.edu\/jmb\/\",\"name\":\"The Journal of Mind and Behavior\",\"description\":\"Dedicated to the interdisciplinary approach within psychology and related fields\",\"potentialAction\":[{\"@type\":\"SearchAction\",\"target\":{\"@type\":\"EntryPoint\",\"urlTemplate\":\"https:\/\/umaine.edu\/jmb\/?s={search_term_string}\"},\"query-input\":{\"@type\":\"PropertyValueSpecification\",\"valueRequired\":true,\"valueName\":\"search_term_string\"}}],\"inLanguage\":\"en-US\"}]}<\/script>\n<!-- \/ Yoast SEO plugin. -->","yoast_head_json":{"title":"Vol. 42, Number 2, Spring 2021 - The Journal of Mind and Behavior - University of Maine","robots":{"index":"index","follow":"follow","max-snippet":"max-snippet:-1","max-image-preview":"max-image-preview:large","max-video-preview":"max-video-preview:-1"},"canonical":"https:\/\/umaine.edu\/jmb\/vol-42-number-2-spring-2021\/","og_locale":"en_US","og_type":"article","og_title":"Vol. 42, Number 2, Spring 2021 - The Journal of Mind and Behavior - University of Maine","og_description":"How Reductive Analyses Are Confused and How to Fix Them: A Critique of Varitel Semantics Nancy A. Salay, Queen&#8217;s University The \u201cproblem of intentionality\u201d from the vantage point of a representational understanding of mind is explaining what thoughts and beliefs are and how they guide behaviour. From an anti-representationalist perspective, on the other hand, on [&hellip;]","og_url":"https:\/\/umaine.edu\/jmb\/vol-42-number-2-spring-2021\/","og_site_name":"The Journal of Mind and Behavior","article_modified_time":"2021-09-20T15:38:13+00:00","twitter_card":"summary_large_image","twitter_misc":{"Est. reading time":"6 minutes"},"schema":{"@context":"https:\/\/schema.org","@graph":[{"@type":"WebPage","@id":"https:\/\/umaine.edu\/jmb\/vol-42-number-2-spring-2021\/","url":"https:\/\/umaine.edu\/jmb\/vol-42-number-2-spring-2021\/","name":"Vol. 42, Number 2, Spring 2021 - The Journal of Mind and Behavior - University of Maine","isPartOf":{"@id":"https:\/\/umaine.edu\/jmb\/#website"},"datePublished":"2021-09-18T17:43:18+00:00","dateModified":"2021-09-20T15:38:13+00:00","breadcrumb":{"@id":"https:\/\/umaine.edu\/jmb\/vol-42-number-2-spring-2021\/#breadcrumb"},"inLanguage":"en-US","potentialAction":[{"@type":"ReadAction","target":["https:\/\/umaine.edu\/jmb\/vol-42-number-2-spring-2021\/"]}]},{"@type":"BreadcrumbList","@id":"https:\/\/umaine.edu\/jmb\/vol-42-number-2-spring-2021\/#breadcrumb","itemListElement":[{"@type":"ListItem","position":1,"name":"Home","item":"https:\/\/umaine.edu\/jmb\/"},{"@type":"ListItem","position":2,"name":"Vol. 42, Number 2, Spring 2021"}]},{"@type":"WebSite","@id":"https:\/\/umaine.edu\/jmb\/#website","url":"https:\/\/umaine.edu\/jmb\/","name":"The Journal of Mind and Behavior","description":"Dedicated to the interdisciplinary approach within psychology and related fields","potentialAction":[{"@type":"SearchAction","target":{"@type":"EntryPoint","urlTemplate":"https:\/\/umaine.edu\/jmb\/?s={search_term_string}"},"query-input":{"@type":"PropertyValueSpecification","valueRequired":true,"valueName":"search_term_string"}}],"inLanguage":"en-US"}]}},"taxonomy_info":[],"featured_image_src_large":false,"author_info":{"display_name":"rruss","author_link":"https:\/\/umaine.edu\/jmb\/author\/rruss\/"},"comment_info":0,"_links":{"self":[{"href":"https:\/\/umaine.edu\/jmb\/wp-json\/wp\/v2\/pages\/3809","targetHints":{"allow":["GET"]}}],"collection":[{"href":"https:\/\/umaine.edu\/jmb\/wp-json\/wp\/v2\/pages"}],"about":[{"href":"https:\/\/umaine.edu\/jmb\/wp-json\/wp\/v2\/types\/page"}],"author":[{"embeddable":true,"href":"https:\/\/umaine.edu\/jmb\/wp-json\/wp\/v2\/users\/1232"}],"replies":[{"embeddable":true,"href":"https:\/\/umaine.edu\/jmb\/wp-json\/wp\/v2\/comments?post=3809"}],"version-history":[{"count":12,"href":"https:\/\/umaine.edu\/jmb\/wp-json\/wp\/v2\/pages\/3809\/revisions"}],"predecessor-version":[{"id":3831,"href":"https:\/\/umaine.edu\/jmb\/wp-json\/wp\/v2\/pages\/3809\/revisions\/3831"}],"wp:attachment":[{"href":"https:\/\/umaine.edu\/jmb\/wp-json\/wp\/v2\/media?parent=3809"}],"curies":[{"name":"wp","href":"https:\/\/api.w.org\/{rel}","templated":true}]}}